dred millions digit of 130074834?
1
What is the hundreds digit of 91813928?
9
What is the hundreds digit of 21499636?
6
What is the units digit of 111881796?
6
What is the tens digit of 240180606?
0
What is the ten thousands digit of 38584942?
8
What is the thousands digit of 135884785?
4
What is the millions digit of 374861002?
4
What is the hundred thousands digit of 37317774?
3
What is the units digit of 178216737?
7
What is the hundred millions digit of 347848468?
3
What is the ten millions digit of 85573221?
8
What is the thousands digit of 3516192333?
2
What is the thousands digit of 3368240757?
0
What is the ten millions digit of 37673488?
3
What is the ten thousands digit of 850968339?
6
What is the thousands digit of 428588025?
8
What is the hundred thousands digit of 40211296?
2
What is the hundred thousands digit of 6093181?
0
What is the ten millions digit of 27055844?
2
What is the tens digit of 44711912?
1
What is the hundred millions digit of 3271403694?
2
What is the billions digit of 3144096163?
3
What is the millions digit of 80976828?
0
What is the hundreds digit of 7063496541?
5
What is the ten millions digit of 38033149?
3
What is the billions digit of 3566343050?
3
What is the ten thousands digit of 63962165?
6
What is the ten millions digit of 1854929413?
5
What is the hundreds digit of 630402304?
3
What is the hundred thousands digit of 9273396?
2
What is the ten millions digit of 69839212?
6
What is the ten thousands digit of 362257777?
5
What is the hundreds digit of 631694677?
6
What is the ten thousands digit of 1900182115?
8
What is the hundred thousands digit of 31725589?
7
What is the hundred millions digit of 2737437648?
7
What is the millions digit of 615325829?
5
What is the hundred millions digit of 7635895519?
6
What is the ten thousands digit of 509180983?
8
What is the ten thousands digit of 151254519?
5
What is the thousands digit of 590663986?
3
What is the units digit of 77446283?
3
What is the hundreds digit of 114855386?
3
What is the millions digit of 881483097?
1
What is the hundred thousands digit of 155052974?
0
What is the hundred thousands digit of 1817136397?
1
What is the thousands digit of 5286901765?
1
What is the ten millions digit of 2952937586?
5
What is the millions digit of 216138562?
6
What is the hundreds digit of 47339101?
1
What is the tens digit of 5233043375?
7
What is the hundred thousands digit of 743071389?
0
What is the hundreds digit of 105233949?
9
What is the ten thousands digit of 99735618?
3
What is the ten millions digit of 5101660180?
0
What is the tens digit of 1257111542?
4
What is the tens digit of 47148447?
4
What is the hundreds digit of 7137362?
3
What is the hundreds digit of 1068447974?
9
What is the units digit of 4971064748?
8
What is the millions digit of 382738313?
2
What is the ten millions digit of 53163591?
5
What is the units digit of 32410802?
2
What is the tens digit of 3201142060?
6
What is the millions digit of 33317960?
3
What is the ten millions digit of 210053052?
1
What is the hundred millions digit of 634842160?
6
What is the millions digit of 334153286?
4
What is the hundreds digit of 142987321?
3
What is the units digit of 36192562?
2
What is the millions digit of 75184622?
5
What is the ten thousands digit of 471744504?
4
What is the billions digit of 8747802970?
8
What is the thousands digit of 13861658?
1
What is the hundreds digit of 323646282?
2
What is the ten thousands digit of 120990974?
9
What is the hundred millions digit of 290620167?
2
What is the hundreds digit of 1964055079?
0
What is the thousands digit of 998943183?
3
What is the hundred millions digit of 1799411254?
7
What is the tens digit of 3892013947?
4
What is the ten millions digit of 609290095?
0
What is the tens digit of 376002627?
2
What is the units digit of 91665544?
4
What is the hundred millions digit of 159788305?
1
What is the thousands digit of 154641947?
1
What is the ten thousands digit of 1208479924?
7
What is the hundreds digit of 1524743743?
7
What is the units digit of 1386860104?
4
What is the tens digit of 127939872?
7
What is the hundreds digit of 63361679?
6
What is the ten thousands digit of 329022291?
2
What is the millions digit of 240764332?
0
What is the hundred thousands digit of 46885195?
8
What is the millions digit of 954343381?
4
What is the ten millions digit of 2615522133?
1
What is the units digit of 143260046?
6
What is the hundreds digit of 22842361?
3
What is the ten millions digit of 1040133980?
4
What is the tens digit of 1365825271?
7
What is the hundred thousands digit of 61746836?
7
What is the hundred millions digit of 570530924?
5
What is the thousands digit of 35732982?
2
What is the ten millions digit of 67880201?
6
What is the units digit of 498068854?
4
What is the millions digit of 114860322?
4
What is the units digit of 346082180?
0
What is the hundred thousands digit of 1381790856?
7
What is the hundred thousands digit of 6195561952?
5
What is the hundreds digit of 27828032?
0
What is the hundreds digit of 438761246?
2
What is the ten millions digit of 54592049?
5
What is the hundreds digit of 1557990779?
7
What is the tens digit of 631235309?
0
What is the ten thousands digit of 639645837?
4
What is the hundreds digit of 956275564?
5
What is the tens digit of 608324631?
3
What is the hundreds digit of 524907085?
0
What is the hundreds digit of 49788885?
8
What is the millions digit of 230450831?
0
What is the thousands digit of 5783815?
3
What is the hundred thousands digit of 15139740?
1
What is the ten millions digit of 495739809?
9
What is the hundred thousands digit of 130433765?
4
What is the hundred millions digit of 312021735?
3
What is the thousands digit of 93437550?
7
What is the units digit of 74986393?
3
What is the ten thousands digit of 684544831?
4
What is the millions digit of 51672620?
1
What is the ten thousands digit of 264372219?
7
What is the millions digit of 550357145?
0
What is the ten thousands digit of 2989126822?
2
What is the thousands digit of 42143982?
3
What is the hundreds digit of 1576104979?
9
What is the tens digit of 6654427532?
3
What is the units digit of 167710771?
1
What is the units digit of 31065459?
9
What is the hundred thousands digit of 30264725?
2
What is the units digit of 222487541?
1
What is the hundred thousands digit of 55108718?
1
What is the hundreds digit of 1981677380?
3
What is the millions digit of 986244986?
6
What is the ten millions digit of 124586252?
2
What is the millions digit of 4062676211?
2
What is the tens digit of 188191619?
1
What is the millions digit of 976206792?
6
What is the millions digit of 491787153?
1
What is the hundred thousands digit of 1994149904?
1
What is the units digit of 5896985475?
5
What is the thousands digit of 840160414?
0
What is the millions digit of 254138801?
4
What is the thousands digit of 32366035?
6
What is the hundreds digit of 43838839?
8
What is the millions digit of 735791311?
5
What is the ten millions digit of 155524411?
5
What is the units digit of 1413791?
1
What is the ten thousands digit of 266854638?
5
What is the ten millions digit of 4028209956?
2
What is the thousands digit of 47660731?
0
What is the millions digit of 224718075?
4
What is the tens digit of 316608745?
4
What is the ten thousands digit of 465621465?
2
What is the millions digit of 41416320?
1
What is the hundred millions digit of 451123610?
4
What is the hundred thousands digit of 4814533?
8
What is the hundreds digit of 68541543?
5
What is the hundred millions digit of 380965092?
3
What is the hundred thousands digit of 4257987?
2
What is the billions digit of 1679754770?
1
What is the hundred thousands digit of 23802349?
8
What is the ten thousands digit of 1306989605?
8
What is the thousands digit of 6514940?
4
What is the tens digit of 57188900?
0
What is the millions digit of 4601011147?
1
What is the ten millions digit of 6600113161?
0
What is the tens digit of 99384553?
5
What is the units digit of 2187770535?
5
What is the billions digit of 8696189466?
8
What is the units digit of 40303934?
4
What is the ten millions digit of 938357429?
3
What is the hundred thousands digit of 13411733?
4
What is the units digit of 202941209?
9
W